{"id":65,"date":"2023-09-06T13:48:14","date_gmt":"2023-09-06T13:48:14","guid":{"rendered":"http:\/\/sugandi.is\/?page_id=65"},"modified":"2026-03-13T18:25:24","modified_gmt":"2026-03-13T18:25:24","slug":"sugfirdingasetrid","status":"publish","type":"page","link":"https:\/\/sugandi.is\/?page_id=65","title":{"rendered":"S\u00fagfir\u00f0ingasetri\u00f0"},"content":{"rendered":"\t\t<div data-elementor-type=\"wp-page\" data-elementor-id=\"65\" class=\"elementor elementor-65\">\n\t\t\t\t\t\t\t\t\t<section class=\"elementor-section elementor-top-section elementor-element elementor-element-29519fa1 elementor-section-boxed elementor-section-height-default elementor-section-height-default\" data-id=\"29519fa1\" data-element_type=\"section\">\n\t\t\t\t\t\t<div class=\"elementor-container elementor-column-gap-default\">\n\t\t\t\t\t<div class=\"elementor-column elementor-col-100 elementor-top-column elementor-element elementor-element-7a73260e\" data-id=\"7a73260e\" data-element_type=\"column\">\n\t\t\t<div class=\"elementor-widget-wrap elementor-element-populated\">\n\t\t\t\t\t\t\t\t<div class=\"elementor-element elementor-element-349edfdf elementor-widget elementor-widget-text-editor\" data-id=\"349edfdf\" data-element_type=\"widget\" data-widget_type=\"text-editor.default\">\n\t\t\t\t<div class=\"elementor-widget-container\">\n\t\t\t<style>\/*! elementor - v3.15.0 - 20-08-2023 *\/\n.elementor-widget-text-editor.elementor-drop-cap-view-stacked .elementor-drop-cap{background-color:#69727d;color:#fff}.elementor-widget-text-editor.elementor-drop-cap-view-framed .elementor-drop-cap{color:#69727d;border:3px solid;background-color:transparent}.elementor-widget-text-editor:not(.elementor-drop-cap-view-default) .elementor-drop-cap{margin-top:8px}.elementor-widget-text-editor:not(.elementor-drop-cap-view-default) .elementor-drop-cap-letter{width:1em;height:1em}.elementor-widget-text-editor .elementor-drop-cap{float:left;text-align:center;line-height:1;font-size:50px}.elementor-widget-text-editor .elementor-drop-cap-letter{display:inline-block}<\/style>\t\t\t\t<p><span style=\"color: var( --e-global-color-text ); font-family: var( --e-global-typography-text-font-family ), Sans-serif; font-size: 1rem; font-weight: var( --e-global-typography-text-font-weight );\">\u00dea\u00f0 er sta\u00f0sett \u00e1 A\u00f0alg\u00f6tu 18 efri h\u00e6\u00f0 og er \u00edb\u00fa\u00f0 S\u00fagfir\u00f0ingaf\u00e9lagsins sem er leig\u00f0 \u00fat til f\u00e9lagsmanna og eins stendur f\u00f3lki til bo\u00f0a a\u00f0 spyrjast fyrir um a\u00f0 f\u00e1 hana leig\u00f0a ef engin er \u00ed \u00edb\u00fa\u00f0inni.<\/span><\/p><p>\u00cdb\u00fa\u00f0in var gj\u00f6f til S\u00fagfir\u00f0ingaf\u00e9lagsins \u00feann 8 n\u00f3vember\u00a0 2003, fr\u00e1 hj\u00f3num Krist\u00ednu Gissurard\u00f3ttur og Halld\u00f3ri Bern\u00f3d\u00fassyni.\u00a0 \u00cdb\u00fa\u00f0in er 3ja herbergja\u00a0 me\u00f0 stofu og \u00fea\u00f0 eru r\u00fam fyrir 6 manns og nokkrar d\u00fdnur sem h\u00e6gt er a\u00f0 gr\u00edpa \u00ed.\u00a0 \u00edb\u00fa\u00f0in er \u00fdmsum \u00fe\u00e6gindum b\u00fain.\u00a0<\/p><ul><li>s\u00e6ngur og koddar fyrir 10 manns<\/li><li>bor\u00f0b\u00fana\u00f0ur er fyrir 8 manns<\/li><li>kaffiv\u00e9l a\u00f0 bestu ger\u00f0 fyrir upp\u00e1hellingu<\/li><li>hr\u00e6riv\u00e9l og v\u00f6ffluj\u00e1rn<\/li><li>v\u00e9l til a\u00f0 gr\u00e6ja s\u00f3davatn<\/li><li>\u00fdmis \u00e1h\u00f6ld \u00ed eldh\u00fasi<\/li><li>sj\u00f3nvarp er \u00ed stofunni \u00e1samt 2 spilastokkum og\u00a0 b\u00f3kum.<\/li><li>\u00fevottav\u00e9l er sta\u00f0sett \u00ed \u00fevottah\u00fasi \u00e1samt \u00fevottagrind.\u00a0 Helga og Sigmar hj\u00f3nin \u00e1 ne\u00f0ri h\u00e6\u00f0inni skaffa okkur \u00fevottaefni. Vegna ofn\u00e6mis er alls ekki m\u00e6lt me\u00f0 \u00f6\u00f0ru en a\u00f0 nota \u00feeirra \u00fevottaefni.<\/li><li>\u00a0<\/li><\/ul><p>Gestab\u00f3k er \u00ed setrinu og hvetjum vi\u00f0 ykkur til a\u00f0 segja okkur \u00fear hvernig ykkur lika\u00f0i dv\u00f6lin og jafnvel eitthva\u00f0 skemmtilegt eins og s\u00f6gur og lj\u00f3\u00f0.<\/p><p>\u00deegar gist er \u00ed Setrinu er nau\u00f0synlegt a\u00f0 taka me\u00f0 s\u00e9r:<\/p><ul><li>Kaffifilter, hands\u00e1pu, wc papp\u00edr, handkl\u00e6\u00f0i og l\u00edn<\/li><li><strong>Almennt gildir s\u00fa regla a\u00f0 g\u00e6lud\u00fdr eru ekki leyf\u00f0 \u00ed \u00edb\u00fa\u00f0inni<\/strong><\/li><li><strong>Reykingar eru alfari\u00f0 banna\u00f0ar \u00ed \u00edb\u00fa\u00f0inni.<\/strong><\/li><\/ul><p>*\u00a0 \u00a0\u00c1\u00f0ur en fari\u00f0 er \u00far \u00edb\u00fa\u00f0inni *<\/p><ul><li>\u00der\u00edfa \u00fearf vel eftir veruna \u00ed \u00edb\u00fa\u00f0inni, t\u00e6ma allt rusl, \u00fer\u00edfa glugga, gluggakistur og anna\u00f0 gler og sk\u00fara bak vi\u00f0 og undir \u00f6ll r\u00fam og h\u00fasg\u00f6gn.\u00a0 \u00der\u00edfa bakarofn, eldav\u00e9l, \u00edssk\u00e1p og frysti eftir notkun. Ekki m\u00e1 taka \u00edssk\u00e1pinn \u00far sambandi. \u00deurrka \u00fearf af sj\u00f3nvarpi og taka \u00fea\u00f0 \u00far sambandi.\u00a0 Eins a\u00f0 loka \u00f6llum gluggum.<\/li><li>Fara \u00fearf varlega \u00e1 sv\u00f6lunum og \u00e1 pallinum framna vi\u00f0 \u00edb\u00fa\u00f0ina. \u00dear eru veggirnir ekki h\u00e1ir.<\/li><li>Flokka \u00fearf rusl sem kasta\u00f0 er \u00ed ruslatunnurnar sem eru \u00fati<\/li><li>Lykill a\u00f0 \u00edb\u00fa\u00f0inni er \u00ed lyklakassa \u00e1 veggnum vi\u00f0 \u00fatidyrnar og f\u00e6r handhafi hverrar viku n\u00famer til a\u00f0 opna kassann og n\u00e1lgast lyklana.\u00a0 Auka lykill \u00ed ney\u00f0 er hj\u00e1 \u00d3l\u00f6fu Birnu \u00ed bl\u00e1a h\u00fasinu vi\u00f0 hli\u00f0ina \u00e1 A\u00f0alg\u00f6tu 18<\/li><li>\u00a0H\u00e6gt er a\u00f0 b\u00f3ka \u00ferif me\u00f0 \u00fev\u00ed a\u00f0 senda okkur l\u00ednu um lei\u00f0 og Setri\u00f0 er b\u00f3ka\u00f0 og borga \u00fearf aukalega 15.000 kr fyrir \u00ferif.\u00a0<\/li><\/ul><p>\u00a0<\/p><p>H\u00f6fum \u00ed huga a\u00f0 \u00ed hreinni og vistlegri \u00edb\u00fa\u00f0 er gott a\u00f0 dvelja. St\u00f6ndum saman og gerum dv\u00f6lina \u00ed \u00edb\u00fa\u00f0inni sem \u00e1n\u00e6gjulegasta me\u00f0 \u00fev\u00ed a\u00f0 skilja mj\u00f6g vel vi\u00f0 hana eins og vi\u00f0 viljum koma a\u00f0 henni.<\/p><p>G\u00d6NGUM SNYRTILEGA UM !<\/p>\t\t\t\t\t\t<\/div>\n\t\t\t\t<\/div>\n\t\t\t\t\t<\/div>\n\t\t<\/div>\n\t\t\t\t\t\t\t<\/div>\n\t\t<\/section>\n\t\t\t\t<section class=\"elementor-section elementor-top-section elementor-element elementor-element-4457ca2 elementor-section-boxed elementor-section-height-default elementor-section-height-default\" data-id=\"4457ca2\" data-element_type=\"section\">\n\t\t\t\t\t\t<div class=\"elementor-container elementor-column-gap-default\">\n\t\t\t\t\t<div class=\"elementor-column elementor-col-100 elementor-top-column elementor-element elementor-element-13159e7\" data-id=\"13159e7\" data-element_type=\"column\">\n\t\t\t<div class=\"elementor-widget-wrap elementor-element-populated\">\n\t\t\t\t\t\t\t\t<div class=\"elementor-element elementor-element-4923b38 elementor-widget__width-initial elementor-widget elementor-widget-image\" data-id=\"4923b38\" data-element_type=\"widget\" data-widget_type=\"image.default\">\n\t\t\t\t<div class=\"elementor-widget-container\">\n\t\t\t<style>\/*! elementor - v3.15.0 - 20-08-2023 *\/\n.elementor-widget-image{text-align:center}.elementor-widget-image a{display:inline-block}.elementor-widget-image a img[src$=\".svg\"]{width:48px}.elementor-widget-image img{vertical-align:middle;display:inline-block}<\/style>\t\t\t\t\t\t\t\t\t\t\t\t<img loading=\"lazy\" decoding=\"async\" width=\"800\" height=\"450\" src=\"https:\/\/sugandi.is\/wp-content\/uploads\/2024\/05\/su-3-1024x576.jpg\" class=\"attachment-large size-large wp-image-497\" alt=\"\" srcset=\"https:\/\/sugandi.is\/wp-content\/uploads\/2024\/05\/su-3-1024x576.jpg 1024w, https:\/\/sugandi.is\/wp-content\/uploads\/2024\/05\/su-3-300x169.jpg 300w, https:\/\/sugandi.is\/wp-content\/uploads\/2024\/05\/su-3-768x432.jpg 768w, https:\/\/sugandi.is\/wp-content\/uploads\/2024\/05\/su-3-1536x864.jpg 1536w, https:\/\/sugandi.is\/wp-content\/uploads\/2024\/05\/su-3-2048x1152.jpg 2048w\" sizes=\"auto, (max-width: 800px) 100vw, 800px\" \/>\t\t\t\t\t\t\t\t\t\t\t\t\t\t\t<\/div>\n\t\t\t\t<\/div>\n\t\t\t\t\t<\/div>\n\t\t<\/div>\n\t\t\t\t\t\t\t<\/div>\n\t\t<\/section>\n\t\t\t\t<section class=\"elementor-section elementor-top-section elementor-element elementor-element-b6a45a0 elementor-section-height-min-height elementor-section-boxed elementor-section-height-default elementor-section-items-middle\" data-id=\"b6a45a0\" data-element_type=\"section\">\n\t\t\t\t\t\t<div class=\"elementor-container elementor-column-gap-wide\">\n\t\t\t\t\t<div class=\"elementor-column elementor-col-100 elementor-top-column elementor-element elementor-element-4a32685\" data-id=\"4a32685\" data-element_type=\"column\">\n\t\t\t<div class=\"elementor-widget-wrap\">\n\t\t\t\t\t\t\t\t\t<\/div>\n\t\t<\/div>\n\t\t\t\t\t\t\t<\/div>\n\t\t<\/section>\n\t\t\t\t\t\t\t<\/div>\n\t\t","protected":false},"excerpt":{"rendered":"<p>\u00dea\u00f0 er sta\u00f0sett \u00e1 A\u00f0alg\u00f6tu 18 efri h\u00e6\u00f0 og er \u00edb\u00fa\u00f0 S\u00fagfir\u00f0ingaf\u00e9lagsins sem er leig\u00f0 \u00fat til f\u00e9lagsmanna og eins stendur f\u00f3lki til bo\u00f0a a\u00f0 spyrjast fyrir um a\u00f0 f\u00e1 hana leig\u00f0a ef engin er \u00ed \u00edb\u00fa\u00f0inni. \u00cdb\u00fa\u00f0in var gj\u00f6f til S\u00fagfir\u00f0ingaf\u00e9lagsins \u00feann 8 n\u00f3vember\u00a0 2003, fr\u00e1 hj\u00f3num Krist\u00ednu Gissurard\u00f3ttur og Halld\u00f3ri Bern\u00f3d\u00fassyni.\u00a0 \u00cdb\u00fa\u00f0in er [&hellip;]<\/p>\n","protected":false},"author":2,"featured_media":0,"parent":0,"menu_order":0,"comment_status":"closed","ping_status":"closed","template":"","meta":{"footnotes":""},"class_list":["post-65","page","type-page","status-publish","hentry"],"jetpack_sharing_enabled":true,"_links":{"self":[{"href":"https:\/\/sugandi.is\/index.php?rest_route=\/wp\/v2\/pages\/65","targetHints":{"allow":["GET"]}}],"collection":[{"href":"https:\/\/sugandi.is\/index.php?rest_route=\/wp\/v2\/pages"}],"about":[{"href":"https:\/\/sugandi.is\/index.php?rest_route=\/wp\/v2\/types\/page"}],"author":[{"embeddable":true,"href":"https:\/\/sugandi.is\/index.php?rest_route=\/wp\/v2\/users\/2"}],"replies":[{"embeddable":true,"href":"https:\/\/sugandi.is\/index.php?rest_route=%2Fwp%2Fv2%2Fcomments&post=65"}],"version-history":[{"count":76,"href":"https:\/\/sugandi.is\/index.php?rest_route=\/wp\/v2\/pages\/65\/revisions"}],"predecessor-version":[{"id":803,"href":"https:\/\/sugandi.is\/index.php?rest_route=\/wp\/v2\/pages\/65\/revisions\/803"}],"wp:attachment":[{"href":"https:\/\/sugandi.is\/index.php?rest_route=%2Fwp%2Fv2%2Fmedia&parent=65"}],"curies":[{"name":"wp","href":"https:\/\/api.w.org\/{rel}","templated":true}]}}